the highest common divisor of 123964 and 6154.
34
What is the highest common divisor of 7 and 10365131?
7
Calculate the highest common divisor of 89064 and 810.
18
What is the greatest common factor of 135 and 9626895?
45
Calculate the highest common divisor of 43562 and 23690.
46
What is the highest common factor of 168 and 4095462?
42
What is the highest common divisor of 52700458 and 134?
134
What is the highest common factor of 8 and 845893624?
8
What is the highest common factor of 112520 and 43071880?
3880
Calculate the highest common factor of 13744275 and 15825.
75
Calculate the highest common factor of 3384 and 19794.
6
What is the greatest common factor of 10219128 and 98888?
2104
What is the greatest common factor of 62 and 142223?
1
What is the greatest common divisor of 1141340 and 760?
20
Calculate the greatest common factor of 708924 and 432.
12
Calculate the highest common factor of 31429 and 6458363.
593
Calculate the greatest common divisor of 350 and 4961250.
350
What is the highest common factor of 475634 and 166423?
163
Calculate the greatest common factor of 184734 and 1176120.
594
Calculate the highest common divisor of 42979579 and 888954.
13469
Calculate the highest common divisor of 172776618 and 288.
18
Calculate the greatest common factor of 9416342 and 1014.
338
What is the greatest common divisor of 913 and 356851?
11
What is the greatest common divisor of 359983377 and 3627?
3627
Calculate the highest common factor of 17403115 and 65.
5
Calculate the highest common divisor of 258 and 1026124867.
43
Calculate the greatest common factor of 294 and 2243682.
42
What is the greatest common divisor of 373694816 and 136?
136
Calculate the greatest common divisor of 13701967 and 2281.
2281
Calculate the highest common factor of 195 and 8692710.
195
Calculate the highest common divisor of 131722 and 55048.
1966
Calculate the greatest common factor of 2999498 and 482174.
6262
What is the highest common factor of 30510 and 11810195?
565
What is the greatest common factor of 247585458 and 6?
6
What is the highest common factor of 3010 and 249130?
70
What is the greatest common factor of 57 and 108071373?
57
What is the greatest common divisor of 14747174 and 514?
514
Calculate the greatest common divisor of 3850 and 1061375.
175
Calculate the greatest common factor of 3591952 and 628992.
1456
Calculate the greatest common factor of 127106 and 10976.
98
What is the greatest common divisor of 3319482 and 168942?
4566
What is the greatest common divisor of 99008 and 92628172?
6188
What is the greatest common factor of 103276332 and 198?
18
What is the greatest common factor of 727771 and 792?
11
What is the highest common divisor of 5127625 and 6985?
635
What is the highest common factor of 40400 and 160399312?
1616
Calculate the highest common factor of 7680 and 4879232.
128
What is the greatest common factor of 5795398 and 11536?
1442
Calculate the greatest common divisor of 7630212 and 918.
102
Calculate the greatest common divisor of 19923 and 340278199.
6641
What is the highest common factor of 7613930 and 50?
10
What is the highest common factor of 3406164 and 1580?
316
Calculate the greatest common divisor of 146439 and 12558.
3
What is the greatest common factor of 919333 and 3772?
23
What is the highest common factor of 56455 and 54355?
35
What is the highest common factor of 1363 and 50982725?
29
What is the highest common divisor of 31768129 and 33672?
1403
What is the highest common factor of 392 and 59432982?
98
Calculate the greatest common divisor of 2419530 and 2010.
30
What is the greatest common divisor of 22541926 and 44?
22
Calculate the greatest common factor of 48 and 15662832.
48
Calculate the highest common factor of 19020 and 26145.
15
What is the greatest common factor of 848576007 and 81?
81
What is the greatest common factor of 162120 and 139608?
168
What is the greatest common factor of 43365044 and 1124?
1124
What is the greatest common divisor of 5848 and 5375?
43
Calculate the highest common factor of 5260 and 37286825.
1315
Calculate the greatest common factor of 16915 and 1162035.
85
What is the highest common divisor of 1315567 and 38786?
451
Calculate the greatest common divisor of 9844 and 4484.
4
Calculate the greatest common factor of 4098688187 and 9493.
9493
Calculate the greatest common divisor of 1056 and 29061912.
264
What is the highest common divisor of 231464778 and 276?
138
Calculate the highest common divisor of 17316897 and 663.
663
What is the highest common divisor of 46258 and 3431374?
202
What is the highest common factor of 288 and 48734064?
144
What is the highest common factor of 54 and 1090531269?
27
What is the highest common divisor of 11348247 and 49506?
669
Calculate the greatest common factor of 39376422 and 662.
662
What is the highest common factor of 5400310 and 1959?
653
Calculate the greatest common divisor of 484 and 4766278.
22
What is the greatest common divisor of 591580 and 7780?
20
Calculate the greatest common divisor of 44233 and 1482054.
497
Calculate the greatest common factor of 20609 and 63762018.
557
Calculate the greatest common factor of 57615 and 25185.
345
Calculate the greatest common divisor of 139393381 and 25206.
4201
What is the highest common divisor of 86 and 12652191?
43
What is the greatest common factor of 115050 and 9604374?
4602
What is the highest common factor of 4830168 and 35952?
168
Calculate the greatest common divisor of 2070097 and 18643.
181
What is the highest common factor of 70174290 and 37680?
4710
What is the highest common divisor of 45 and 3189339?
9
What is the greatest common divisor of 3799 and 5162?
29
Calculate the greatest common divisor of 15 and 14121435.
15
What is the highest common divisor of 1126 and 10856329?
563
What is the highest common divisor of 57673 and 39853?
11
Calculate the greatest common factor of 281 and 103664.
1
What is the greatest common divisor of 106928 and 731440?
656
Calculate the highest common factor of 49 and 41642993.
49
What is the highest common factor of 302072 and 227408?
488
Calculate the highest common divisor of 12 and 209582484.
12
What is the greatest common factor of 3781 and 1154399?
199
What is the highest common divisor of 1040 and 2241356?
52
Calculate the highest common factor of 799620 and 195.
15
What is the highest common factor of 96074 and 13498?
794
What is the greatest common divisor of 163474 and 76?
2
Calculate the highest common factor of 2981 and 381037653.
271
Calculate the greatest common factor of 154485708 and 273.
39
Calculate the highest common factor of 178331 and 113703.
151
Calculate the greatest common factor of 334 and 22464.
2
Calculate the greatest common divisor of 1302171 and 8242065.
7527
What is the highest common factor of 4768 and 1663880?
8
What is the greatest common divisor of 804 and 509238?
6
What is the highest common divisor of 1029 and 1307712?
147
Calculate the greatest common factor of 2710 and 313168142.
542
Calculate the highest common factor of 69484 and 62455334.
1198
What is the highest common divisor of 116431260 and 264?
132
What is the greatest common divisor of 3503895 and 69715?
955
Calculate the highest common divisor of 1088 and 18308150.
34
What is the greatest common divisor of 908 and 19543792?
908
Calculate the highest common factor of 196 and 128989.
7
Calculate the highest common factor of 378 and 480914.
14
Calculate the highest common divisor of 24 and 33611088.
24
Calculate the highest common factor of 17056 and 16348832.
1312
What is the greatest common factor of 89838172 and 116?
116
Calculate the greatest common factor of 3725 and 13090693.
149
Calculate the highest common factor of 23079 and 75313.
49
What is the greatest common divisor of 1295 and 55389?
37
Calculate the greatest common factor of 10 and 6264325.
5
Calculate the highest common divisor of 1139 and 111188041.
1139
Calculate the highest common factor of 355388 and 2671911.
2167
What is the greatest common factor of 113755095 and 5436?
1359
What is the greatest common factor of 8162416 and 156752?
1616
Calculate the highest common factor of 1384553 and 93.
31
What is the greatest common factor of 251212 and 8700?
4
Calculate the grea